2 - 159*r - 677. Calculate t(9).
-164
Let z(b) = -64*b**2 + 5047*b - 27962. What is z(6)?
16
Let y(s) = -367*s**2 + 11*s - 7. Give y(1).
-363
Let f(u) = -7*u**3 + 127*u**2 - 13*u + 425. What is f(18)?
515
Let g(b) = -6830*b + 204870. Determine g(30).
-30
Let h(a) = -a**2 - 7882*a + 4049147. Give h(484).
3
Let k(v) = -1504*v + 1621. Give k(1).
117
Let s(h) = -h**3 - 120*h**2 - 3313*h - 177. Calculate s(-77).
-23
Let r(v) = 1472*v**2 - 172215*v - 1048. Calculate r(117).
5
Let g(z) = z**2 + 173*z + 5468. What is g(-139)?
742
Let u(k) = k**3 - 41*k**2 + 175*k + 181. What is u(36)?
1
Let v(a) = 5713*a - 21. Give v(0).
-21
Let j(u) = 14239*u + 71099. Determine j(-5).
-96
Let l(s) = -3*s**3 + 41*s**2 + 438*s - 19. What is l(20)?
1141
Let q(m) = 1822*m + 105401. What is q(-58)?
-275
Let m(u) = 238077*u - 1190305. What is m(5)?
80
Let p(w) = -w**3 + 21*w**2 - 14*w - 173. Give p(12).
955
Let x(i) = -2*i**2 - 1004*i + 69944. Determine x(62).
8
Let x(q) = -25798*q + 3792273. Determine x(147).
-33
Let n(v) = -2*v**2 + 167635*v + 1005862. Determine n(-6).
-20
Let m(d) = -d**3 + 50*d**2 - 187*d + 170. What is m(46)?
32
Let l(i) = -7161*i - 50143. Calculate l(-7).
-16
Let n(x) = 1274*x + 6822. Determine n(-4).
1726
Let i(y) = 14813*y - 1140598. Determine i(77).
3
Let w(u) = u**3 + 84*u**2 - 1119*u - 241. Give w(12).
155
Let u(r) = r**2 - 341*r - 18641. Determine u(-48).
31
Let n(s) = 288*s**2 - 2827*s + 2114. Calculate n(9).
-1
Let i(a) = -155*a - 414. Calculate i(-5).
361
Let u(g) = 1959*g - 171315. Give u(87).
-882
Let s(a) = -155*a + 174. What is s(7)?
-911
Let n(s) = -7729*s - 30422. Determine n(-4).
494
Let q(k) = -12988*k + 61294. Give q(5).
-3646
Let f(r) = 673*r + 10217. Calculate f(-17).
-1224
Let d(b) = b**3 - 142*b**2 - 11085*b + 93. Determine d(-56).
-75
Let y(c) = -5*c**3 + 110*c**2 + 20*c - 91. Give y(-1).
4
Let f(j) = -90*j**2 - 2189*j + 77. Determine f(-23).
2814
Let c(j) = -245*j + 55875. What is c(228)?
15
Let b(q) = -23*q**2 + 3376*q - 30436. Determine b(9).
-1915
Let c(n) = -3916*n - 1272667. What is c(-325)?
33
Let t(b) = -b**3 - 427*b - 2788. Determine t(-6).
-10
Let w(q) = 16*q - 1692. Calculate w(104).
-28
Let z(x) = -34*x**2 - 537*x + 226. Give z(-16).
114
Let g(i) = 1691*i + 46747. What is g(-27)?
1090
Let k(h) = 30960*h - 402501. Determine k(13).
-21
Let a(s) = -43*s**3 - 2*s**2 + 129*s - 395. Determine a(3).
-1187
Let i(j) = -54*j**2 - 24114*j - 166156. Give i(-7).
-4
Let f(r) = -10*r**2 + 319*r + 2941. What is f(-8)?
-251
Let a(y) = 1268*y - 5029. Determine a(4).
43
Let o(a) = -60*a + 1395. What is o(8)?
915
Let d(a) = 3*a**3 - 436*a**2 - 722*a + 401. What is d(147)?
2312
Let a(v) = -67*v + 7128. Calculate a(111).
-309
Let x(q) = -110360*q + 662165. Determine x(6).
5
Let d(g) = 7*g**3 + 62*g**2 + 296*g + 2436. Give d(-9).
-309
Let h(v) = 1516*v - 16196. Determine h(11).
480
Let s(d) = 2*d**2 - 687*d - 49353. Determine s(-61).
-4
Let j(i) = -3*i**2 + 1337*i + 5846. Calculate j(450).
-4
Let m(d) = -2*d**2 + 112*d + 1156. Determine m(65).
-14
Let x(p) = 88*p**2 - 312*p + 313. What is x(1)?
89
Let y(i) = i**3 - 119*i**2 + 321*i - 9603. Calculate y(117).
576
Let d(r) = 4*r**3 - 232*r**2 + 43*r - 3393. Calculate d(58).
-899
Let z(x) = -x**2 + 485*x - 56441. Calculate z(291).
13
Let h(j) = -14*j**2 + 1770*j - 3537. Calculate h(2).
-53
Let u(d) = -114*d**3 + 66*d**2 + 22*d + 3. Determine u(1).
-23
Let v(r) = -r**2 + 42*r + 69791. Determine v(286).
7
Let y(n) = -5898*n - 6069. Give y(-1).
-171
Let v(a) = -a**3 + 277*a**2 - 253*a - 4775. Calculate v(276).
1573
Let v(f) = -10782*f - 172281. Give v(-16).
231
Let s(u) = 15*u**3 - 128*u**2 - 277*u + 559. What is s(10)?
-11
Let y(z) = -2*z**3 + 71*z**2 - 1417*z + 48385. Calculate y(35).
15
Let a(y) = -2018*y + 6068. Determine a(3).
14
Let q(c) = -c**3 + 4*c**2 + 698*c - 4847. Determine q(7).
-108
Let g(j) = 235*j - 2161. What is g(11)?
424
Let i(x) = 3505*x + 217311. Calculate i(-62).
1
Let q(f) = -14806*f + 148098. Give q(10).
38
Let i(u) = 38*u**2 + 22966*u - 514570. Determine i(-626).
2
Let k(b) = -40577*b + 40553. Give k(1).
-24
Let b(m) = -m**2 - 373*m - 8708. Determine b(-25).
-8
Let l(w) = -8*w**2 + 10*w + 377. Determine l(-6).
29
Let u(o) = o**2 + 457*o - 5076. Give u(11).
72
Let j(z) = -51*z**2 - 433*z + 1430. Determine j(-11).
22
Let v(z) = z**2 - 339*z + 24783. Give v(232).
-41
Let t(m) = -2*m**3 + 8*m**2 + m + 28. Give t(-6).
742
Let g(c) = c**3 + 48*c**2 - 88*c - 1648. Calculate g(-49).
263
Let i(p) = -15708*p**3 - 15716*p**2 - 14*p - 13. Determine i(-1).
-7
Let i(f) = -f**3 + 182*f**2 + 2326*f + 354. What is i(194)?
-34
Let r(m) = -18*m**3 + 7*m**2 + 7838*m + 7833. Give r(-1).
20
Let p(n) = -n**2 + 321*n + 10841. Calculate p(-32).
-455
Let s(v) = v**3 - 190*v + 6. Give s(-13).
279
Let j(q) = 136897*q + 547605. Give j(-4).
17
Let m(u) = -2*u**2 - 641*u + 55464. Give m(71).
-129
Let y(g) = 1135*g - 199718. Calculate y(177).
1177
Let w(g) = g**3 - 437*g**2 + 1218*g + 36447. Determine w(434).
-9
Let d(s) = -s**3 - 123*s**2 + 378*s + 11. Give d(-126).
11
Let s(w) = -17*w**3 + 8*w**2 + 2*w - 2. Determine s(-4).
1206
Let v(f) = 4845*f + 48320. Determine v(-10).
-130
Let q(s) = 1415*s**2 - 4219*s - 28. Determine q(3).
50
Let c(y) = -522*y**2 - 1580*y + 100. Give c(-3).
142
Let o(q) = 80*q + 1427. What is o(-13)?
387
Let j(d) = d**3 - 10*d**2 - 1550*d + 10960. Calculate j(7).
-37
Let o(d) = d**3 + 105*d**2 + 931*d + 5437. Calculate o(-96).
-995
Let s(v) = -309*v**2 - 3933*v + 1093. Give s(-13).
1
Let b(g) = g**3 - 31*g**2 - 4364*g + 141840. Give b(33).
6
Let x(k) = -k**3 + 88*k**2 - 635. Determine x(88).
-635
Let l(p) = p**3 + 9*p**2 + 3707*p + 44933. What is l(-12)?
17
Let m(a) = -1688*a + 163754. What is m(97)?
18
Let j(c) = c**3 + 21*c**2 - 254*c + 458. What is j(-30)?
-22
Let l(s) = 8796*s - 369434. Calculate l(42).
-2
Let f(i) = 1382*i + 67715. Calculate f(-49).
-3
Let f(b) = b**3 - 33*b**2 + 275*b + 244. What is f(8)?
844
Let h(m) = -6*m**2 + 80*m + 9. Determine h(-2).
-175
Let r(p) = 374*p**2 - 292*p + 24. Give r(1).
106
Let c(i) = -14*i - 8718. Give c(-619).
-52
Let c(h) = -97*h**2 - 41347*h - 10631. Determine c(-426).
19
Let h(d) = 67*d**3 - 2811*d**2 - 131*d + 204. Give h(42).
-6
Let m(q) = -q**3 - 207*q**2 + 110*q - 20405. Calculate m(-208).
-21
Let d(i) = -3*i**3 + 84*i**2 - 208*i + 631. Calculate d(25).
1056
Let s(f) = 4*f**2 + 106*f + 303. Calculate s(-18).
-309
Let v(q) = -531*q + 5123. Calculate v(7).
1406
Let f(z) = 5*z**2 + 316*z + 4645. What is f(-24)?
-59
Let c(a) = a**3 + 73*a**2 + 275*a + 4563. Calculate c(-70).
13
Let x(f) = -136*f + 1091. Determine x(11).
-405
Let m(r) = 9554*r + 28871. Give m(-3).
209
Let z(m) = m**3 - 235*m**2 + 834*m - 140430. Calculate z(234).
-30
Let n(k) = -4*k**2 - 67*k + 9174. Give n(-57).
-3
Let k(z) = 4*z**2 - 8988*z - 35989. Give k(-4).
27
Let p(u) = u**3 - 57*u**2 + 138*u - 1484. What is p(55)?
56
Let c(g) = 2*g**2 - 18*g - 2865. Give c(-33).
-93
Let h(b) = -7*b - 212. Determine h(78).
-758
Let r(o) = 5*o**3 + 1844*o**2 + 8704*o - 11709. What is r(-364)?
-61
Let o(v) = -196*v**2 + 446*v + 1352. What is o(4)?
0
Let j(t) = -t**2 + 1440*t - 272379. Determine j(224).
5
Let v(p) = p**3 - 20*p**2 + 92*p - 39. Give v(9).
-102
Let m(o) = o**3 + 13*o**2 + 501*o + 4622. Give m(-10).
-88
Let t(g) = 78869*g + 394192. What is t(-5)?
-153
Let c(m) = m**2 + 538*m - 14612. Give c(26).
52
Let i(p) = 2*p**3 - 13*p**2 - 13*p - 3. What is i(6)?
-117
Let h(i) = -1192*i - 7185. Give h(-6).
-33
Let h(x) = 16*x**2 - 3814*x + 22054. Determine h(6).
-254
Let m(j) = j**3 + 76*j**2 - 396*j + 665. Calculate m(-81).
-64
Let x(t) = 38*t**2 - 16984*t + 32923. Determine x(445).
-7
Let z(a) = -271*a + 48967. Determine z(197).
-4420
Let h(x) = x**2 - 386*x + 17927. Give h(53).
278
Let g(i) = -i**2 + 9823*i + 1072560. Give g(-108).
12
Let p(d) = -18*d**2 + 41*d - 14. Give p(1).
9
Let r(x) = x**2 - 609*x - 301019. Give r(-323).
17
Let x(l) = -5*l + 141. What is x(22)?
31
Let b(g) = 2413*g + 4824. Determine b(-2).
-2
Let j(g) = 33*g**2 + 175*g + 166. What is j(-4)?
-6
Let h(v) = 329*v - 84215. What is h(256)?
9
Let n(l) = 1039*l + 58871. Calculate n(-57).
-352
Let b(f) = 1993*f + 4125. Determine b(-2).
139
Let b(c) = 140*c**3 - 2660*c**2 + 22*c - 412. Determine b(19).
6
